 + 4. Let q be j(-6). Let n be (-12)/(-20) + 694/q. What is the highest common divisor of 28 and n?
14
Suppose 5*t + 50 = 10*t. What is the highest common factor of t and 30?
10
Let r be (-30)/(-12)*(-16)/(-10)*7. What is the greatest common factor of r and 2?
2
Suppose 2*p + 425 = -3*p. Let r be 0 - (1 + (p - -3)). What is the highest common divisor of r and 9?
9
Let w(a) = -4*a + 2. Let g be w(-3). Calculate the greatest common factor of 70 and g.
14
Suppose -2*l - 2*l + 192 = 0. Suppose 2*k = 3*h - l, 4*h - 3*h + k - 16 = 0. What is the greatest common factor of 80 and h?
16
Let a = -13 + 32. Suppose 5*z = h - 4 + 9, -23 = -3*h - 4*z. Suppose 4*y - 3*j = -0*j + 29, -h*j - a = -3*y. What is the greatest common factor of y and 8?
8
Let b(z) = 128*z**3 + z**2 - z. Let a be b(1). Let c = 34 + -2. What is the greatest common divisor of c and a?
32
Suppose 0*t - 4*t + 132 = -4*d, -4*t + 70 = -2*d. Let c = d + -29. Let p = c - -159. Calculate the greatest common factor of 9 and p.
9
Let t = 242 + -35. What is the greatest common divisor of t and 23?
23
Let g = -21 - -41. Calculate the highest common factor of 50 and g.
10
Let v = -469 + 208. Let k = -173 - v. What is the highest common factor of k and 11?
11
Let a be (-2)/3*432/(-32). Calculate the greatest common divisor of 1 and a.
1
Suppose 59*s - 61*s + 116 = 0. What is the greatest common factor of 87 and s?
29
Let i be 4/(-6) - 100/(-6). Let o be 3 + (43 - (2 + -4)). Calculate the greatest common factor of i and o.
16
Let y = 184 - 96. What is the greatest common divisor of 8 and y?
8
Let p(c) = c**3 - 3*c**2 + c. Let y be ((-16)/12)/((-3)/9). Let i be p(y). Let u = 62 - -38. What is the highest common factor of i and u?
20
Let o(w) = -w + 9. Let m be o(-11). Suppose 39 = 2*r - r. Let k = 79 - r. What is the highest common factor of k and m?
20
Let j be (-225)/5*(-16)/6. What is the highest common factor of j and 15?
15
Suppose -k = -a - 4*a + 76, 5*a = -k + 74. Let w = a - 12. Suppose 0 - 9 = -i. What is the greatest common divisor of w and i?
3
Let s be (-1 - 0)*(80 + -1). Let y be s/4 - 1/4. Let h be (-552)/y + 4/10. What is the greatest common divisor of 4 and h?
4
Suppose -s = -2*m - 145, 2*m - 395 = -3*s - 0*m. What is the highest common factor of 15 and s?
15
Let q be ((-106)/(-8))/((-3)/(-24)). Suppose -q - 54 = -5*w. What is the highest common factor of w and 16?
16
Let x(c) = -c**2 + c - 4. Let b(k) = k**3 - 3*k**2 - 4*k. Let u be b(4). Let z be x(u). Let w = z - -16. Calculate the highest common factor of w and 96.
12
Let u(g) = -9*g. Let s be u(-2). Suppose 4*y + 0*y - 60 = 0. Let n be (-5)/(5/(-3)) + y. Calculate the greatest common factor of n and s.
18
Let j be ((-264)/9)/((-10)/15 - 0). What is the greatest common factor of j and 4?
4
Let d(h) = -h**2 + 5. Let t be d(0). Let x(p) = p**2 + 3*p. Let q be x(-3). Let k be q + 5/(t/108). Calculate the greatest common factor of k and 12.
12
Let h be 20/(-130) - 8584/(-26). Calculate the greatest common divisor of h and 30.
30
Let v be 1040/88 - (-2)/11. Calculate the highest common factor of v and 30.
6
Let k = -7 + 11. What is the greatest common factor of k and 10?
2
Let z be -1*-14*7/2. Suppose 57 = t + 3*t + 5*k, 2*t = -2*k + 26. Let f = t - 1. Calculate the greatest common factor of f and z.
7
Let l = 111 + -78. Suppose 0 = -2*i + 6*i - 12. Suppose 4*g - 85 - i = 0. What is the highest common factor of l and g?
11
Suppose y = 6*y - 35. Suppose -4*a = -5*z + 2*z - 43, 4*a + z - 23 = 0. Calculate the highest common factor of a and y.
7
Suppose 4*o + 8 + 12 = 0. Let k be (3/(-3) + o)/(-2). Calculate the greatest common factor of 3 and k.
3
Let q(l) = l**3 - 2*l - 1. Let y be q(2). Suppose 64 = 2*t + s - y*s, 0 = -t - s + 40. What is the highest common factor of t and 9?
9
Let n(j) = -j + 5. Let p be n(6). Let t be p/(-3) + (-8)/(-3). Let h(w) = 2*w**2 - 2*w - 3. Let v be h(4). Calculate the greatest common divisor of v and t.
3
Let h be 10/(1/4 + 0). Suppose -28 = -a + 4*y, -3*a - 2*y = a - 76. Calculate the highest common factor of a and h.
20
Let p(w) = w**3 + 4*w**2 - 6*w + 2. Let f be p(2). Calculate the highest common factor of f and 154.
14
Suppose -d + 0*d = -3. Suppose u + 180 = d*u. Calculate the highest common factor of u and 18.
18
Let n(j) = -j**2 + 13*j - 15. Let u be n(13). Let v be 3*14/u*-15. Calculate the greatest common factor of v and 28.
14
Suppose 5*t - 3 = 2. Calculate the highest common divisor of 5 and t.
1
Let r = 9 + 7. Calculate the greatest common factor of r and 24.
8
Let o(q) = -4 - 2*q - 11*q**2 - q**3 + 3*q**2 - 5*q. Let y be o(-7). Let l be 18/y*(1 + -3). What is the greatest common factor of l and 6?
3
Let m = -12 - -26. Calculate the greatest common divisor of m and 28.
14
Let r be (72/(-10))/((-6)/20). Let q(y) = 8*y - 4. Let n be q(5). Calculate the highest common divisor of r and n.
12
Suppose z - 5 - 5 = -5*t, 4*z = 3*t + 17. What is the highest common factor of 12 and t?
1
Let d = -42 + 117. What is the greatest common divisor of d and 30?
15
Let w = 19 + -16. Calculate the greatest common divisor of 6 and w.
3
Suppose -8 - 26 = -3*m - 2*b, -37 = -3*m + b. Calculate the greatest common factor of m and 84.
12
Let q = 0 + 8. What is the highest common divisor of q and 56?
8
Let i(o) = -4*o**3 + 2*o**2 + o. Let z be i(-1). What is the greatest common factor of 45 and z?
5
Let k(t) = t**3 + 5*t**2 - 7*t - 3. Let w be k(-6). Let f(o) = 8*o + 0 + 5 - o**2 - 3. Let i be f(8). Calculate the greatest common divisor of i and w.
1
Let b(v) = v**2 + 8*v. Let t be b(7). Suppose -3*h + t = 3*o, -h = 3*h + 2*o - 130. What is the greatest common factor of h and 15?
15
Let u = 8 + 8. What is the highest common divisor of 32 and u?
16
Suppose -4*p = -16, 0 = 5*k - 3*p - 9 - 89. Calculate the highest common divisor of k and 33.
11
Suppose -5*v + 42 = -0*v - 3*t, -5*t - 13 = -2*v. Calculate the highest common factor of v and 72.
9
Let x(n) = n**3 - 14*n**2 - n + 8. Let v be x(7). Let p be v/(-30) - (-4)/(-10). Suppose 3*d = p + 19. What is the highest common divisor of 10 and d?
10
Let o(w) = w**3 + 7*w**2 + 4*w - 8. Let c = -18 + 12. Let i be o(c). Let g be (i/2)/((-4)/(-14)). Calculate the highest common factor of g and 63.
7
Suppose -220 = -2*d + 5*c, 4*d + 113 = 2*c + 585. What is the highest common divisor of 30 and d?
30
Let m(k) = k**2 - 7. Let l be m(8). Let x = l - 80. Let j = x - -32. What is the highest common divisor of 9 and j?
9
Let i be 2/4 - 1/2. Suppose -3*t + 135 = 2*x, -9 = -x - 3*t + 51. Suppose -3*h + 2*h + x = i. Calculate the highest common divisor of h and 15.
15
Suppose -5*f + 3*u + 200 + 265 = 0, -3*u - 15 = 0. Let t be (16/(-12))/((-1)/f). What is the greatest common factor of t and 15?
15
Suppose -4*p + 0*p = 12. Let u be ((-22)/(-1 - p))/(-1). Calculate the highest common divisor of u and 33.
11
Let d = 1 + 13. Calculate the greatest common factor of 154 and d.
14
Let u be (11 - -3) + 1 + -5. Calculate the greatest common divisor of 270 and u.
10
Suppose 2*f - f = -s + 42, -s = -2. Suppose -f = -7*z + 5*z. Let w be (-2)/(-6) + 22/6. Calculate the highest common factor of z and w.
4
Suppose 11 + 10 = 3*y. Calculate the highest common divisor of 56 and y.
7
Let n(o) = o + 6. Let m be n(6). Suppose -f - 13 = m. Let v = f - -35. What is the greatest common divisor of v and 10?
10
Suppose x - 42 = -4. Suppose 0 = -3*n - 2*j + 9 + x, n - 19 = -4*j. Suppose 2*p - 5*q = 32, 5*p - 58 + 8 = 5*q. What is the greatest common factor of n and p?
3
Let u(z) = -3*z + 5. Let h be u(-3). Let f(b) = -b + 27. Let l be f(h). What is the highest common divisor of 117 and l?
13
Suppose -2*y - 2*y = 2*v - 6, -5*y - 64 = -4*v. Let s(j) = -97*j**3 - 4*j - 2. Let f be s(-1). What is the highest common factor of f and v?
11
Let h = 133 - 76. What is the highest common divisor of h and 19?
19
Let s be (-1)/((-10)/6 + 2). Let l be -3 - ((-558)/s)/(-2). Let c = 6 + l. Calculate the highest common divisor of 12 and c.
12
Let n be 80/4*1/1. Let d = 7 - n. Let r = d + 23. What is the highest common factor of r and 80?
10
Suppose -4*t - g = -707, 2*t + 2*t = 5*g + 689. Let s(h) = -2*h - 16. Let a be s(-8). Suppose 2*i - 39 + 7 = a. What is the greatest common divisor of i and t?
16
Suppose -2*n = -4*n + 8. Let 